t common divisor of 1174190480 and 460.
460
Calculate the highest common factor of 69630868 and 582.
194
Calculate the highest common factor of 1066 and 75389119.
533
What is the highest common factor of 8409 and 20901971?
2803
Calculate the highest common divisor of 414 and 614886876.
414
Calculate the highest common factor of 61174401 and 141.
141
What is the greatest common factor of 12 and 30922908?
12
What is the highest common divisor of 111885616 and 3312?
368
Calculate the highest common factor of 28995 and 31605.
15
What is the greatest common factor of 134593040 and 15?
5
Calculate the highest common factor of 21559588 and 208801.
3539
What is the greatest common factor of 28 and 151666354?
14
What is the greatest common factor of 672 and 22023680?
224
Calculate the greatest common factor of 104184 and 5094.
18
What is the highest common factor of 163197548 and 164?
164
Calculate the highest common divisor of 4964 and 488036.
68
What is the highest common divisor of 66 and 10177?
1
What is the greatest common factor of 18748367 and 924?
11
Calculate the greatest common divisor of 1604 and 3349597912.
1604
What is the highest common factor of 35172775 and 8690?
4345
Calculate the highest common factor of 1314 and 42858.
18
Calculate the highest common divisor of 216229584 and 36240.
7248
Calculate the greatest common factor of 768631956 and 1828.
1828
What is the highest common divisor of 80705180 and 20?
20
Calculate the greatest common divisor of 9296319 and 56352.
1761
Calculate the highest common factor of 19213538 and 6729.
2243
Calculate the greatest common divisor of 8455 and 360871237.
1691
What is the greatest common factor of 1223 and 1154452073?
1223
What is the greatest common divisor of 25623 and 3607149?
2847
Calculate the greatest common factor of 9444219 and 1074.
537
Calculate the greatest common divisor of 16419495 and 195.
15
Calculate the greatest common factor of 182445711 and 21.
21
What is the highest common factor of 124 and 5862317?
31
Calculate the greatest common divisor of 6 and 13650402.
6
What is the greatest common factor of 4604 and 104975804?
4604
Calculate the greatest common divisor of 112560462 and 8316.
378
Calculate the greatest common divisor of 1110 and 9373200.
30
Calculate the highest common factor of 68 and 25020889.
17
What is the greatest common divisor of 424734696 and 870?
174
What is the greatest common factor of 12339443 and 2981?
271
Calculate the highest common divisor of 20154937 and 26059.
1133
Calculate the greatest common factor of 675 and 1738650.
75
Calculate the greatest common divisor of 167048 and 456.
152
Calculate the highest common factor of 1079 and 273983.
83
What is the greatest common divisor of 4609290 and 126?
42
Calculate the greatest common divisor of 26340 and 690.
30
Calculate the greatest common factor of 12156066 and 130.
26
What is the highest common factor of 11790 and 508092015?
1965
Calculate the highest common divisor of 3865 and 22989020.
3865
Calculate the greatest common divisor of 5429560 and 718180.
2980
Calculate the greatest common divisor of 1008 and 16105488.
336
Calculate the greatest common factor of 3464260 and 1840.
460
What is the highest common divisor of 72 and 60203844?
36
What is the greatest common divisor of 34507308 and 6?
6
Calculate the greatest common divisor of 2451762531 and 9.
9
What is the greatest common divisor of 2449411 and 73457?
2533
What is the highest common factor of 33274 and 7598?
262
Calculate the greatest common factor of 11193 and 588549.
39
What is the greatest common divisor of 18594360 and 12069?
81
What is the greatest common divisor of 98344 and 103664?
152
Calculate the greatest common divisor of 116250 and 47337.
93
What is the greatest common divisor of 158609 and 11?
11
What is the highest common divisor of 16 and 12420288?
16
What is the greatest common divisor of 41928 and 605832?
24
What is the greatest common factor of 7380 and 38703180?
2460
Calculate the greatest common factor of 46368 and 46767924.
5796
What is the greatest common factor of 19895 and 4492291?
3979
Calculate the greatest common divisor of 2620 and 883760.
20
What is the highest common factor of 59 and 159897906?
59
Calculate the highest common factor of 126 and 1399818.
42
What is the greatest common divisor of 9268 and 5599196?
1324
Calculate the greatest common divisor of 31188 and 108480.
1356
Calculate the greatest common factor of 113193 and 13347.
9
What is the highest common divisor of 347574 and 58989?
159
What is the highest common factor of 52957700 and 100?
100
Calculate the greatest common factor of 1860904 and 240248.
4072
Calculate the greatest common factor of 48030 and 66090.
30
Calculate the highest common divisor of 7 and 2584791.
1
Calculate the highest common factor of 19 and 3487849.
19
Calculate the greatest common factor of 308217048 and 24.
24
Calculate the greatest common factor of 381555 and 156931.
139
Calculate the highest common divisor of 23252359 and 2462.
1231
What is the highest common divisor of 26263125 and 87?
87
What is the highest common divisor of 47181990 and 330?
30
Calculate the highest common divisor of 14928789 and 24.
3
What is the highest common divisor of 1673960 and 80?
40
What is the highest common factor of 132 and 2552739?
3
Calculate the greatest common factor of 459165772 and 52.
52
Calculate the greatest common divisor of 77808344 and 456.
152
Calculate the highest common factor of 120558984 and 2457.
273
What is the greatest common factor of 63722763 and 372?
93
What is the greatest common factor of 49452340 and 5968?
1492
What is the highest common divisor of 13393236 and 8673?
177
What is the greatest common divisor of 124020 and 14183?
13
Calculate the highest common factor of 205 and 54031809.
41
What is the greatest common factor of 668720 and 88712?
104
What is the greatest common divisor of 65602418 and 14?
14
What is the greatest common factor of 32620 and 1190140?
140
What is the greatest common factor of 966 and 53286699?
69
What is the highest common factor of 1400 and 2231775?
175
Calculate the highest common divisor of 322 and 1743791.
161
Calculate the greatest common factor of 40216 and 14736.
8
Calculate the highest common divisor of 53856 and 68000.
544
What is the greatest common factor of 7 and 2271257?
1
What is the highest common factor of 84209 and 362807?
787
What is the greatest common divisor of 70602 and 33538?
82
Calculate the highest common factor of 78898 and 1094614.
766
Calculate the greatest common factor of 18466380 and 3240.
1620
Calculate the highest common divisor of 8 and 10567128.
8
What is the highest common factor of 44 and 228982380?
44
Calculate the highest common factor of 375791 and 1688.
211
Calculate the greatest common factor of 238478981 and 9815.
1963
What is the greatest common factor of 1724925906 and 1606?
1606
Calculate the greatest common divisor of 30197905 and 545.
545
What is the greatest common divisor of 3795 and 16065615?
345
What is the highest common divisor of 62920578 and 16408?
4102
Calculate the greatest common factor of 204072 and 13141.
773
What is the greatest common factor of 195565 and 80?
5
Calculate the greatest common factor of 5620 and 3643184670.
2810
Calculate the highest common divisor of 105768613 and 461.
461
Calculate the greatest common factor of 4131567 and 187.
11
What is the greatest common factor of 1533 and 110244673?
511
What is the greatest common divisor of 53525 and 471650?
25
Calculate the highest common divisor of 19248 and 941548.
1604
What is the greatest common factor of 15055 and 890?
5
Calculate the greatest common factor of 5352 and 5954769.
669
Calculate the highest common divisor of 3094 and 46227454.
3094
Calculate the highest common divisor of 28360157 and 4338.
241
What is the greatest common factor of 58869769 and 707?
707
Calculate the greatest common divisor of 312021 and 3663.
333
Calculate the greatest common divisor of 40861464 and 63336.
4872
What is the greatest common divisor of 635 and 35249485?
635
Calculate the highest common divisor of 1218 and 640494.
174
Calculate the highest common factor of 9876 and 74622.
6
Calculate the greatest common factor of 10876 an